*b + l. Let h be (1/(b/6))/((-14)/(-1365)). Calculate the highest common divisor of h and 15.
15
Let r = 275 + 3478. What is the greatest common divisor of r and 27?
27
Suppose -4*r + 1110 - 54 = 0. Suppose -2*m = 4*y + 128, -y + 0*y + 157 = -3*m. Let p = 78 + m. What is the highest common divisor of p and r?
24
Let g = -25 - -90. Let x = -59 + g. What is the greatest common divisor of 78 and x?
6
Suppose 5*u + 90 = 190. Let z(m) = m**3 + 2*m**2 - 2*m + 60. Let a be z(0). Calculate the greatest common divisor of u and a.
20
Suppose -356 = -27*z - 32. What is the highest common factor of z and 24?
12
Let n(b) = -2*b**3 + 9*b**2 + 31*b - 14. Let h be n(-5). Calculate the highest common divisor of 72 and h.
18
Let x = -10 - -6. Let j(n) = -5*n + 10. Let c be j(x). Calculate the highest common divisor of c and 6.
6
Let h = 33 + -33. Suppose 5*a = h, -3*a = -3*z - 0*a + 126. What is the highest common divisor of z and 6?
6
Let w = 1498 + -1057. Calculate the highest common factor of w and 18.
9
Let b = 3258 + -2727. What is the greatest common factor of 63 and b?
9
Let d(m) = -m**3 - 10*m**2 - 18*m - 20. Let s be d(-10). What is the greatest common divisor of 24 and s?
8
Let g be (1 - 4)/((-3)/2). Suppose -g*o = 2*o - 732. Suppose -79 = -i - i + q, 3*q = -4*i + o. What is the greatest common divisor of 6 and i?
6
Suppose -3 = -4*b - 19. Let h(z) = -5 + 212*z**3 + 1 - 213*z**3 - 7*z - 4*z**2. Let u be h(b). What is the greatest common divisor of u and 16?
8
Let k(j) be the third derivative of -5*j**4/3 - 4*j**3 + 3*j**2. Let y be k(-12). Let p = y + -258. What is the highest common divisor of 22 and p?
22
Let p be (-1)/2 + 1845/90. Calculate the highest common factor of p and 340.
20
Suppose -4*u + 2*l + 34 = 0, l - 7 = -5*u + 4*u. What is the greatest common factor of 164 and u?
4
Suppose 42 - 114 = -2*u. Let l = 1 + 3. Suppose 11 = l*k - k - t, -4*t + 4 = 0. Calculate the highest common divisor of u and k.
4
Suppose -12*m - 6 = -14*m. Calculate the greatest common factor of 15 and m.
3
Let u be (-2108)/(-28) + 20/(-70). What is the highest common divisor of u and 45?
15
Suppose 0 = -3*d + 4*v + 29, -6*v + 3*v + 57 = 3*d. Suppose -20*p + d*p + 15 = 0. Calculate the greatest common factor of 1 and p.
1
Suppose 0 = -1222*l + 1064*l + 1738. Let a(k) = k**2 - k. Let b be a(-2). Suppose b*d - 4*d - 242 = 0. Calculate the greatest common factor of d and l.
11
Let k = -406 + 703. Suppose 20*b - 14*b = -24. Let i be 0 + (-131)/(-4) - 1/b. What is the greatest common divisor of i and k?
33
Let r = 410 + -359. Calculate the greatest common factor of r and 3.
3
Let y be (-12)/(0 - (-9)/6). Let o = 17 + y. What is the greatest common divisor of o and 36?
9
Let u(z) = 2*z**2 - 15*z - 5. Let i = 32 + -58. Let h = -15 - i. Let s be u(h). What is the greatest common divisor of 9 and s?
9
Let m(b) be the first derivative of 5*b**2/2 + b + 2. Let u be m(-1). Let w be u/6*(-156)/8. What is the highest common factor of w and 26?
13
Suppose -8*j - 1456 = -21*j. What is the greatest common factor of j and 28?
28
Suppose 633 = 14*k - 123. Let w(v) = v**3 - v**2 - 6*v. Let s be w(9). What is the highest common factor of k and s?
54
Let y = -2 - -9. Calculate the highest common divisor of 203 and y.
7
Let c = -7 - -82. Let k(y) = y**3 + 17*y**2 + 42*y + 15. Let p be k(-14). What is the greatest common divisor of p and c?
15
Let v = 11 + 26. Let u = v + 143. Calculate the highest common divisor of 30 and u.
30
Let j(k) = 2*k**3 + 3*k**2 - 29 + 28 - 4*k**3 + k. Let s be j(-1). Calculate the highest common factor of s and 2.
1
Suppose 551 + 233 = 16*b. Suppose 2*j - 636 - 50 = 0. Calculate the greatest common factor of j and b.
49
Let n be ((-2)/(-5))/(1996/(-400) - -5). Suppose 3*i - 80 = -2*i. Calculate the greatest common factor of i and n.
8
Suppose 3*t - 163 = -2*v, -6*v + 5*v - 4*t = -79. Calculate the highest common divisor of v and 166.
83
Let f = -59 - -239. Let x = 69 - -3. What is the greatest common factor of x and f?
36
Let d(q) = -2*q**3 - 2*q**2 + 2*q. Let u be d(-2). Suppose -u*o - 5*o = -162. What is the greatest common factor of o and 3?
3
Let q be (5/40*-6)/(2/(-80)). Let v = -9 + -4. Let r = 17 - v. What is the highest common factor of q and r?
30
Let m = -33 - -35. Suppose -3*n + 42 = -3*b, 94 = 5*n - m*b + 3*b. Suppose 0 = -3*p + 5 + 1. Calculate the highest common divisor of n and p.
2
Suppose m = 2*f - 2 - 0, 5*m - 2*f - 14 = 0. Suppose 23 = -2*z + 5*d + 81, 0 = 2*z + m*d - 40. Calculate the greatest common divisor of 60 and z.
12
Suppose 0 = -3*h + 14*h - 1232. Calculate the greatest common divisor of h and 84.
28
Let o(u) = u. Let x be o(6). Let z = -72 - -80. Let b(v) = v**2 - 9*v + 20. Let t be b(z). Calculate the highest common divisor of x and t.
6
Let h = -316 - -939. What is the greatest common divisor of h and 7?
7
Let a(r) = 9*r - 39. Let y be a(-12). Let p = y - -160. Calculate the highest common divisor of 247 and p.
13
Suppose 0 = 3*a - 12 - 3. Let l be 31/(1 - 0/a). What is the greatest common divisor of 186 and l?
31
Suppose 0 = -10*m - 13263 + 13353. Suppose 2*y = -n - 10, 3*n + 10 = -2*n - 2*y. Let c = 3 + n. What is the greatest common factor of c and m?
3
Let x be 0 - 17 - (3 - 8). Let p = 2 + -3. Let o be p - 1 - (-15 - x). Calculate the greatest common factor of 3 and o.
1
Let l = -655 - -700. What is the highest common factor of 150 and l?
15
Let j = -39 + 46. Calculate the greatest common divisor of 147 and j.
7
Suppose -15 + 5 = -5*y. Suppose -5*n - 5*x + 0 - 30 = 0, -y*n = 4*x + 12. Let z be 48 - (-2)/(n/(-3)). What is the greatest common divisor of z and 7?
7
Let u(x) = -x**3 - 4*x - 5. Let n be u(-4). Suppose -4*p + 49 = g, 0 = -p + 2*g + 19 - 0. Let o = 37 + p. What is the highest common divisor of o and n?
25
Let k = 4 + -1. Let q be 7 + (6 - 1) - -3. What is the highest common divisor of k and q?
3
Suppose -5*a + 252 = -4*r, 4*a - r = 5*a - 45. Calculate the greatest common factor of 120 and a.
24
Suppose 5*w = 7*w - 1248. Calculate the highest common factor of 48 and w.
48
Suppose -3*m - 4*y - 9 = -202, -2*m + 124 = -2*y. Calculate the greatest common factor of m and 9.
9
Suppose -h + 5*g = -17, 6*g = 2*g - 12. Let c be (20/50)/(h/40). What is the highest common divisor of c and 4?
4
Let i = 66 - 58. Let a be (-2)/(i/6)*(-10)/15. What is the highest common divisor of a and 4?
1
Let z be (-1)/(18/(-15) - -1). Suppose -504 = -z*a + 96. What is the highest common factor of 24 and a?
24
Let y(f) = -6*f - 27. Let s be y(-6). Let l = 207 + -144. What is the highest common divisor of s and l?
9
Let a(t) = -2*t - 8. Let g be a(-11). Suppose -g = -i + 3. Suppose -4*c - 3*v = -i - 8, 65 = 5*c - 3*v. Calculate the greatest common factor of 80 and c.
10
Let m be (-1)/((-8)/(-20))*2. Let w be (3 + m)/((-3)/6). Suppose q = -3*q + 12, 3*l = -w*q + 21. What is the highest common factor of 6 and l?
3
Let n(t) = -1 + 0*t - 5 - 3*t + 2*t. Let g be n(9). Let l = -9 - g. What is the greatest common divisor of 66 and l?
6
Let k(n) = 2*n**2 + n - 2. Let z be k(1). Let o(x) = x**3 - 7*x**2 + 6*x + 5. Let p be o(6). What is the greatest common factor of z and p?
1
Suppose 138*q + 1456 = 194*q. Let p(i) = i**3 - 11*i**2 + 13*i. Let f be p(11). Calculate the greatest common divisor of f and q.
13
Let x = -601 + 1089. What is the greatest common factor of x and 8?
8
Let x be (-2 + 22)*(-24)/(-30). Calculate the greatest common divisor of x and 336.
16
Let f(u) = -5*u + 2. Let l be f(-3). Let d(z) = -z**2 - 27*z + 10. Let t be d(-6). Calculate the highest common factor of t and l.
17
Suppose 5*k = 4*k, -5*q - 2*k + 1205 = 0. Let t = -133 + q. Let l(v) = 4*v**3 + 2*v. Let r be l(2). What is the greatest common divisor of t and r?
36
Suppose 12*j - 7*j - 15 = 0, -4*x + 755 = 5*j. Calculate the greatest common factor of 222 and x.
37
Suppose -770 - 55 = -11*l. Calculate the greatest common divisor of 2400 and l.
75
Let x = 0 + -6. Let u be 16*(1 - (-3)/x). Let j(a) = -11*a + 136. Let l be j(12). Calculate the greatest common divisor of u and l.
4
Let r be (-1)/11 - (-15130)/55. Calculate the highest common factor of r and 110.
55
Let o(b) = -5*b**2 - 29*b - 1. Let y be o(-4). Suppose -y = 2*d - 99. Calculate the greatest common factor of d and 8.
8